{"id":4372,"date":"2026-02-06T06:58:35","date_gmt":"2026-02-06T06:58:35","guid":{"rendered":"https:\/\/campusbiotech.ch\/?post_type=events&#038;p=4372"},"modified":"2026-02-06T06:58:35","modified_gmt":"2026-02-06T06:58:35","slug":"paediatric-research-for-the-future-of-children-prfc-a-global-forum","status":"publish","type":"events","link":"https:\/\/campusbiotech.ch\/fr\/events\/paediatric-research-for-the-future-of-children-prfc-a-global-forum\/","title":{"rendered":"Paediatric Research for the Future of Children (PRFC): A Global Forum"},"content":{"rendered":"<p><strong>Date<\/strong> : Du 11 f\u00e9vrier 2026 au 13 f\u00e9vrier 2026<\/p>\n<p><strong>Lieu<\/strong> : Campus Biotech &#8211; Auditorium<\/p>\n<p><strong>Organisateurs<\/strong> : HUG<\/p>\n<p><strong>Jour 1 : Mercredi 11 f\u00e9vrier 2026, de 16h00 \u00e0 19h00<\/strong><br \/>\n16h00 &#8211; 16h10 : C\u00e9r\u00e9monie d&rsquo;ouverture<br \/>\n16h10 &#8211; 17h00 : Conf\u00e9rence d&rsquo;ouverture<br \/>\n17h00 &#8211; 17h20 : Discours de bienvenue<br \/>\n17h20 &#8211; 19h00 : R\u00e9ception de bienvenue et session d&rsquo;affichage<\/p>\n<p><strong>Jour 2 : Jeudi 12 f\u00e9vrier 2026, de 8h30 \u00e0 19h00<\/strong><br \/>\n08h30 &#8211; 10h00 : M\u00e9decine de pr\u00e9cision et nouvelles th\u00e9rapies : recherche fondamentale et pr\u00e9clinique<br \/>\n10h00 &#8211; 10h30 : R\u00e9seautage et pause-caf\u00e9<br \/>\n10h30 &#8211; 12h00 : M\u00e9decine de pr\u00e9cision et nouvelles th\u00e9rapies : essais cliniques et mise en \u0153uvre<br \/>\n12h00 &#8211; 13h15 : R\u00e9seautage et pause-d\u00e9jeuner<br \/>\n13h15 &#8211; 14h45 : Le big data dans la recherche p\u00e9diatrique : m\u00e9thodologie et science d&rsquo;actualit\u00e9<br \/>\n14h45 &#8211; 16h15 : Le big data dans la recherche p\u00e9diatrique : infrastructure et \u00e9thique<br \/>\n16h15 &#8211; 16h45 : R\u00e9seautage et pause-caf\u00e9<br \/>\n16h45 &#8211; 17h45 : Table ronde 1<br \/>\n17h45 &#8211; 19h00 : Session d&rsquo;affiches 2<\/p>\n<p><strong>Jour 3 : Vendredi 13 f\u00e9vrier, de 8h00 \u00e0 18h00<\/strong><br \/>\n08h00 &#8211; 09h30 : Petite enfance, d\u00e9terminants de la sant\u00e9 et des maladies : recherche fondamentale<br \/>\n09h30 &#8211; 11 h : D\u00e9terminants de la sant\u00e9 et de la maladie au d\u00e9but de la vie : recherche clinique et application<br \/>\n11h00 &#8211; 11h30 : R\u00e9seautage et pause-caf\u00e9<br \/>\n11h30 &#8211; 12h30 : Promotion de la recherche p\u00e9diatrique mondiale et des cliniciens-chercheurs en p\u00e9diatrie<br \/>\n12h30 &#8211; 13h30 : R\u00e9seautage et pause-d\u00e9jeuner<br \/>\n13h30 &#8211; 15h00 : Recherche sur la sant\u00e9 mentale et le d\u00e9veloppement de l&rsquo;enfant<br \/>\n15h00 &#8211; 16h30 : Mise en \u0153uvre de la sant\u00e9 mentale et du d\u00e9veloppement de l&rsquo;enfant<br \/>\n16h30 &#8211; 17h30 : Table ronde 2<br \/>\n17h30 &#8211; 18h00 : C\u00e9r\u00e9monie de cl\u00f4ture<\/p>\n","protected":false},"author":9,"featured_media":4376,"template":"","meta":{"_acf_changed":false,"inline_featured_image":false},"event_types":[44,43],"class_list":["post-4372","events","type-events","status-publish","has-post-thumbnail","hentry","event_types-conference-fr","event_types-networking-fr"],"acf":[],"yoast_head":"<!-- This site is optimized with the Yoast SEO plugin v27.3 - https:\/\/yoast.com\/product\/yoast-seo-wordpress\/ -->\n<title>Paediatric Research for the Future of Children (PRFC): A Global Forum - Campus Biotech<\/title>\n<meta name=\"robots\" content=\"index, follow, max-snippet:-1, max-image-preview:large, max-video-preview:-1\" \/>\n<link rel=\"canonical\" href=\"https:\/\/campusbiotech.ch\/fr\/events\/paediatric-research-for-the-future-of-children-prfc-a-global-forum\/\" \/>\n<meta property=\"og:locale\" content=\"fr_FR\" \/>\n<meta property=\"og:type\" content=\"article\" \/>\n<meta property=\"og:title\" content=\"Paediatric Research for the Future of Children (PRFC): A Global Forum - Campus Biotech\" \/>\n<meta property=\"og:description\" content=\"Date : Du 11 f\u00e9vrier 2026 au 13 f\u00e9vrier 2026 Lieu : Campus Biotech &#8211; Auditorium Organisateurs : HUG Jour 1 : Mercredi 11 f\u00e9vrier 2026, de 16h00 \u00e0 19h00 16h00 &#8211; 16h10 : C\u00e9r\u00e9monie d&rsquo;ouverture 16h10 &#8211; 17h00 : Conf\u00e9rence d&rsquo;ouverture 17h00 &#8211; 17h20 : Discours de bienvenue 17h20 &#8211; 19h00 : R\u00e9ception de [&hellip;]\" \/>\n<meta property=\"og:url\" content=\"https:\/\/campusbiotech.ch\/fr\/events\/paediatric-research-for-the-future-of-children-prfc-a-global-forum\/\" \/>\n<meta property=\"og:site_name\" content=\"Campus Biotech\" \/>\n<meta property=\"og:image\" content=\"https:\/\/campusbiotech.ch\/wp-content\/uploads\/2026\/02\/o8e47OWe_400x400.jpg\" \/>\n\t<meta property=\"og:image:width\" content=\"400\" \/>\n\t<meta property=\"og:image:height\" content=\"400\" \/>\n\t<meta property=\"og:image:type\" content=\"image\/jpeg\" \/>\n<meta name=\"twitter:card\" content=\"summary_large_image\" \/>\n<meta name=\"twitter:label1\" content=\"Est. reading time\" \/>\n\t<meta name=\"twitter:data1\" content=\"2 minutes\" \/>\n<script type=\"application\/ld+json\" class=\"yoast-schema-graph\">{\"@context\":\"https:\\\/\\\/schema.org\",\"@graph\":[{\"@type\":\"WebPage\",\"@id\":\"https:\\\/\\\/campusbiotech.ch\\\/fr\\\/events\\\/paediatric-research-for-the-future-of-children-prfc-a-global-forum\\\/\",\"url\":\"https:\\\/\\\/campusbiotech.ch\\\/fr\\\/events\\\/paediatric-research-for-the-future-of-children-prfc-a-global-forum\\\/\",\"name\":\"Paediatric Research for the Future of Children (PRFC): A Global Forum - Campus Biotech\",\"isPartOf\":{\"@id\":\"https:\\\/\\\/campusbiotech.ch\\\/#website\"},\"primaryImageOfPage\":{\"@id\":\"https:\\\/\\\/campusbiotech.ch\\\/fr\\\/events\\\/paediatric-research-for-the-future-of-children-prfc-a-global-forum\\\/#primaryimage\"},\"image\":{\"@id\":\"https:\\\/\\\/campusbiotech.ch\\\/fr\\\/events\\\/paediatric-research-for-the-future-of-children-prfc-a-global-forum\\\/#primaryimage\"},\"thumbnailUrl\":\"https:\\\/\\\/campusbiotech.ch\\\/wp-content\\\/uploads\\\/2026\\\/02\\\/o8e47OWe_400x400.jpg\",\"datePublished\":\"2026-02-06T06:58:35+00:00\",\"breadcrumb\":{\"@id\":\"https:\\\/\\\/campusbiotech.ch\\\/fr\\\/events\\\/paediatric-research-for-the-future-of-children-prfc-a-global-forum\\\/#breadcrumb\"},\"inLanguage\":\"fr-FR\",\"potentialAction\":[{\"@type\":\"ReadAction\",\"target\":[\"https:\\\/\\\/campusbiotech.ch\\\/fr\\\/events\\\/paediatric-research-for-the-future-of-children-prfc-a-global-forum\\\/\"]}]},{\"@type\":\"ImageObject\",\"inLanguage\":\"fr-FR\",\"@id\":\"https:\\\/\\\/campusbiotech.ch\\\/fr\\\/events\\\/paediatric-research-for-the-future-of-children-prfc-a-global-forum\\\/#primaryimage\",\"url\":\"https:\\\/\\\/campusbiotech.ch\\\/wp-content\\\/uploads\\\/2026\\\/02\\\/o8e47OWe_400x400.jpg\",\"contentUrl\":\"https:\\\/\\\/campusbiotech.ch\\\/wp-content\\\/uploads\\\/2026\\\/02\\\/o8e47OWe_400x400.jpg\",\"width\":400,\"height\":400},{\"@type\":\"BreadcrumbList\",\"@id\":\"https:\\\/\\\/campusbiotech.ch\\\/fr\\\/events\\\/paediatric-research-for-the-future-of-children-prfc-a-global-forum\\\/#breadcrumb\",\"itemListElement\":[{\"@type\":\"ListItem\",\"position\":1,\"name\":\"Home\",\"item\":\"https:\\\/\\\/campusbiotech.ch\\\/fr\\\/\"},{\"@type\":\"ListItem\",\"position\":2,\"name\":\"Events\",\"item\":\"https:\\\/\\\/campusbiotech.ch\\\/events\\\/\"},{\"@type\":\"ListItem\",\"position\":3,\"name\":\"Paediatric Research for the Future of Children (PRFC): A Global Forum\"}]},{\"@type\":\"WebSite\",\"@id\":\"https:\\\/\\\/campusbiotech.ch\\\/#website\",\"url\":\"https:\\\/\\\/campusbiotech.ch\\\/\",\"name\":\"Campus Biotech\",\"description\":\"Where Science meets Life\",\"potentialAction\":[{\"@type\":\"SearchAction\",\"target\":{\"@type\":\"EntryPoint\",\"urlTemplate\":\"https:\\\/\\\/campusbiotech.ch\\\/?s={search_term_string}\"},\"query-input\":{\"@type\":\"PropertyValueSpecification\",\"valueRequired\":true,\"valueName\":\"search_term_string\"}}],\"inLanguage\":\"fr-FR\"}]}<\/script>\n<!-- \/ Yoast SEO plugin. -->","yoast_head_json":{"title":"Paediatric Research for the Future of Children (PRFC): A Global Forum - Campus Biotech","robots":{"index":"index","follow":"follow","max-snippet":"max-snippet:-1","max-image-preview":"max-image-preview:large","max-video-preview":"max-video-preview:-1"},"canonical":"https:\/\/campusbiotech.ch\/fr\/events\/paediatric-research-for-the-future-of-children-prfc-a-global-forum\/","og_locale":"fr_FR","og_type":"article","og_title":"Paediatric Research for the Future of Children (PRFC): A Global Forum - Campus Biotech","og_description":"Date : Du 11 f\u00e9vrier 2026 au 13 f\u00e9vrier 2026 Lieu : Campus Biotech &#8211; Auditorium Organisateurs : HUG Jour 1 : Mercredi 11 f\u00e9vrier 2026, de 16h00 \u00e0 19h00 16h00 &#8211; 16h10 : C\u00e9r\u00e9monie d&rsquo;ouverture 16h10 &#8211; 17h00 : Conf\u00e9rence d&rsquo;ouverture 17h00 &#8211; 17h20 : Discours de bienvenue 17h20 &#8211; 19h00 : R\u00e9ception de [&hellip;]","og_url":"https:\/\/campusbiotech.ch\/fr\/events\/paediatric-research-for-the-future-of-children-prfc-a-global-forum\/","og_site_name":"Campus Biotech","og_image":[{"width":400,"height":400,"url":"https:\/\/campusbiotech.ch\/wp-content\/uploads\/2026\/02\/o8e47OWe_400x400.jpg","type":"image\/jpeg"}],"twitter_card":"summary_large_image","twitter_misc":{"Est. reading time":"2 minutes"},"schema":{"@context":"https:\/\/schema.org","@graph":[{"@type":"WebPage","@id":"https:\/\/campusbiotech.ch\/fr\/events\/paediatric-research-for-the-future-of-children-prfc-a-global-forum\/","url":"https:\/\/campusbiotech.ch\/fr\/events\/paediatric-research-for-the-future-of-children-prfc-a-global-forum\/","name":"Paediatric Research for the Future of Children (PRFC): A Global Forum - Campus Biotech","isPartOf":{"@id":"https:\/\/campusbiotech.ch\/#website"},"primaryImageOfPage":{"@id":"https:\/\/campusbiotech.ch\/fr\/events\/paediatric-research-for-the-future-of-children-prfc-a-global-forum\/#primaryimage"},"image":{"@id":"https:\/\/campusbiotech.ch\/fr\/events\/paediatric-research-for-the-future-of-children-prfc-a-global-forum\/#primaryimage"},"thumbnailUrl":"https:\/\/campusbiotech.ch\/wp-content\/uploads\/2026\/02\/o8e47OWe_400x400.jpg","datePublished":"2026-02-06T06:58:35+00:00","breadcrumb":{"@id":"https:\/\/campusbiotech.ch\/fr\/events\/paediatric-research-for-the-future-of-children-prfc-a-global-forum\/#breadcrumb"},"inLanguage":"fr-FR","potentialAction":[{"@type":"ReadAction","target":["https:\/\/campusbiotech.ch\/fr\/events\/paediatric-research-for-the-future-of-children-prfc-a-global-forum\/"]}]},{"@type":"ImageObject","inLanguage":"fr-FR","@id":"https:\/\/campusbiotech.ch\/fr\/events\/paediatric-research-for-the-future-of-children-prfc-a-global-forum\/#primaryimage","url":"https:\/\/campusbiotech.ch\/wp-content\/uploads\/2026\/02\/o8e47OWe_400x400.jpg","contentUrl":"https:\/\/campusbiotech.ch\/wp-content\/uploads\/2026\/02\/o8e47OWe_400x400.jpg","width":400,"height":400},{"@type":"BreadcrumbList","@id":"https:\/\/campusbiotech.ch\/fr\/events\/paediatric-research-for-the-future-of-children-prfc-a-global-forum\/#breadcrumb","itemListElement":[{"@type":"ListItem","position":1,"name":"Home","item":"https:\/\/campusbiotech.ch\/fr\/"},{"@type":"ListItem","position":2,"name":"Events","item":"https:\/\/campusbiotech.ch\/events\/"},{"@type":"ListItem","position":3,"name":"Paediatric Research for the Future of Children (PRFC): A Global Forum"}]},{"@type":"WebSite","@id":"https:\/\/campusbiotech.ch\/#website","url":"https:\/\/campusbiotech.ch\/","name":"Campus Biotech","description":"Where Science meets Life","potentialAction":[{"@type":"SearchAction","target":{"@type":"EntryPoint","urlTemplate":"https:\/\/campusbiotech.ch\/?s={search_term_string}"},"query-input":{"@type":"PropertyValueSpecification","valueRequired":true,"valueName":"search_term_string"}}],"inLanguage":"fr-FR"}]}},"_links":{"self":[{"href":"https:\/\/campusbiotech.ch\/fr\/wp-json\/wp\/v2\/events\/4372","targetHints":{"allow":["GET"]}}],"collection":[{"href":"https:\/\/campusbiotech.ch\/fr\/wp-json\/wp\/v2\/events"}],"about":[{"href":"https:\/\/campusbiotech.ch\/fr\/wp-json\/wp\/v2\/types\/events"}],"author":[{"embeddable":true,"href":"https:\/\/campusbiotech.ch\/fr\/wp-json\/wp\/v2\/users\/9"}],"wp:featuredmedia":[{"embeddable":true,"href":"https:\/\/campusbiotech.ch\/fr\/wp-json\/wp\/v2\/media\/4376"}],"wp:attachment":[{"href":"https:\/\/campusbiotech.ch\/fr\/wp-json\/wp\/v2\/media?parent=4372"}],"wp:term":[{"taxonomy":"event_types","embeddable":true,"href":"https:\/\/campusbiotech.ch\/fr\/wp-json\/wp\/v2\/event_types?post=4372"}],"curies":[{"name":"wp","href":"https:\/\/api.w.org\/{rel}","templated":true}]}}

<p><strong>Date</strong> : Du 11 février 2026 au 13 février 2026</p>
<p><strong>Lieu</strong> : Campus Biotech &#8211; Auditorium</p>
<p><strong>Organisateurs</strong> : HUG</p>
<p><strong>Jour 1 : Mercredi 11 février 2026, de 16h00 à 19h00</strong><br />
16h00 &#8211; 16h10 : Cérémonie d&rsquo;ouverture<br />
16h10 &#8211; 17h00 : Conférence d&rsquo;ouverture<br />
17h00 &#8211; 17h20 : Discours de bienvenue<br />
17h20 &#8211; 19h00 : Réception de bienvenue et session d&rsquo;affichage</p>
<p><strong>Jour 2 : Jeudi 12 février 2026, de 8h30 à 19h00</strong><br />
08h30 &#8211; 10h00 : Médecine de précision et nouvelles thérapies : recherche fondamentale et préclinique<br />
10h00 &#8211; 10h30 : Réseautage et pause-café<br />
10h30 &#8211; 12h00 : Médecine de précision et nouvelles thérapies : essais cliniques et mise en œuvre<br />
12h00 &#8211; 13h15 : Réseautage et pause-déjeuner<br />
13h15 &#8211; 14h45 : Le big data dans la recherche pédiatrique : méthodologie et science d&rsquo;actualité<br />
14h45 &#8211; 16h15 : Le big data dans la recherche pédiatrique : infrastructure et éthique<br />
16h15 &#8211; 16h45 : Réseautage et pause-café<br />
16h45 &#8211; 17h45 : Table ronde 1<br />
17h45 &#8211; 19h00 : Session d&rsquo;affiches 2</p>
<p><strong>Jour 3 : Vendredi 13 février, de 8h00 à 18h00</strong><br />
08h00 &#8211; 09h30 : Petite enfance, déterminants de la santé et des maladies : recherche fondamentale<br />
09h30 &#8211; 11 h : Déterminants de la santé et de la maladie au début de la vie : recherche clinique et application<br />
11h00 &#8211; 11h30 : Réseautage et pause-café<br />
11h30 &#8211; 12h30 : Promotion de la recherche pédiatrique mondiale et des cliniciens-chercheurs en pédiatrie<br />
12h30 &#8211; 13h30 : Réseautage et pause-déjeuner<br />
13h30 &#8211; 15h00 : Recherche sur la santé mentale et le développement de l&rsquo;enfant<br />
15h00 &#8211; 16h30 : Mise en œuvre de la santé mentale et du développement de l&rsquo;enfant<br />
16h30 &#8211; 17h30 : Table ronde 2<br />
17h30 &#8211; 18h00 : Cérémonie de clôture</p>

<!-- This site is optimized with the Yoast SEO plugin v27.3 - https://yoast.com/product/yoast-seo-wordpress/ -->
<title>Paediatric Research for the Future of Children (PRFC): A Global Forum - Campus Biotech</title>
<meta name="robots" content="index, follow, max-snippet:-1, max-image-preview:large, max-video-preview:-1" />
<link rel="canonical" href="https://campusbiotech.ch/fr/events/paediatric-research-for-the-future-of-children-prfc-a-global-forum/" />
<meta property="og:locale" content="fr_FR" />
<meta property="og:type" content="article" />
<meta property="og:title" content="Paediatric Research for the Future of Children (PRFC): A Global Forum - Campus Biotech" />
<meta property="og:description" content="Date : Du 11 février 2026 au 13 février 2026 Lieu : Campus Biotech &#8211; Auditorium Organisateurs : HUG Jour 1 : Mercredi 11 février 2026, de 16h00 à 19h00 16h00 &#8211; 16h10 : Cérémonie d&rsquo;ouverture 16h10 &#8211; 17h00 : Conférence d&rsquo;ouverture 17h00 &#8211; 17h20 : Discours de bienvenue 17h20 &#8211; 19h00 : Réception de [&hellip;]" />
<meta property="og:url" content="https://campusbiotech.ch/fr/events/paediatric-research-for-the-future-of-children-prfc-a-global-forum/" />
<meta property="og:site_name" content="Campus Biotech" />
<meta property="og:image" content="https://campusbiotech.ch/wp-content/uploads/2026/02/o8e47OWe_400x400.jpg" />
	<meta property="og:image:width" content="400" />
	<meta property="og:image:height" content="400" />
	<meta property="og:image:type" content="image/jpeg" />
<meta name="twitter:card" content="summary_large_image" />
<meta name="twitter:label1" content="Est. reading time" />
	<meta name="twitter:data1" content="2 minutes" />
<script type="application/ld+json" class="yoast-schema-graph">{"@context":"https:\/\/schema.org","@graph":[{"@type":"WebPage","@id":"https:\/\/campusbiotech.ch\/fr\/events\/paediatric-research-for-the-future-of-children-prfc-a-global-forum\/","url":"https:\/\/campusbiotech.ch\/fr\/events\/paediatric-research-for-the-future-of-children-prfc-a-global-forum\/","name":"Paediatric Research for the Future of Children (PRFC): A Global Forum - Campus Biotech","isPartOf":{"@id":"https:\/\/campusbiotech.ch\/#website"},"primaryImageOfPage":{"@id":"https:\/\/campusbiotech.ch\/fr\/events\/paediatric-research-for-the-future-of-children-prfc-a-global-forum\/#primaryimage"},"image":{"@id":"https:\/\/campusbiotech.ch\/fr\/events\/paediatric-research-for-the-future-of-children-prfc-a-global-forum\/#primaryimage"},"thumbnailUrl":"https:\/\/campusbiotech.ch\/wp-content\/uploads\/2026\/02\/o8e47OWe_400x400.jpg","datePublished":"2026-02-06T06:58:35+00:00","breadcrumb":{"@id":"https:\/\/campusbiotech.ch\/fr\/events\/paediatric-research-for-the-future-of-children-prfc-a-global-forum\/#breadcrumb"},"inLanguage":"fr-FR","potentialAction":[{"@type":"ReadAction","target":["https:\/\/campusbiotech.ch\/fr\/events\/paediatric-research-for-the-future-of-children-prfc-a-global-forum\/"]}]},{"@type":"ImageObject","inLanguage":"fr-FR","@id":"https:\/\/campusbiotech.ch\/fr\/events\/paediatric-research-for-the-future-of-children-prfc-a-global-forum\/#primaryimage","url":"https:\/\/campusbiotech.ch\/wp-content\/uploads\/2026\/02\/o8e47OWe_400x400.jpg","contentUrl":"https:\/\/campusbiotech.ch\/wp-content\/uploads\/2026\/02\/o8e47OWe_400x400.jpg","width":400,"height":400},{"@type":"BreadcrumbList","@id":"https:\/\/campusbiotech.ch\/fr\/events\/paediatric-research-for-the-future-of-children-prfc-a-global-forum\/#breadcrumb","itemListElement":[{"@type":"ListItem","position":1,"name":"Home","item":"https:\/\/campusbiotech.ch\/fr\/"},{"@type":"ListItem","position":2,"name":"Events","item":"https:\/\/campusbiotech.ch\/events\/"},{"@type":"ListItem","position":3,"name":"Paediatric Research for the Future of Children (PRFC): A Global Forum"}]},{"@type":"WebSite","@id":"https:\/\/campusbiotech.ch\/#website","url":"https:\/\/campusbiotech.ch\/","name":"Campus Biotech","description":"Where Science meets Life","potentialAction":[{"@type":"SearchAction","target":{"@type":"EntryPoint","urlTemplate":"https:\/\/campusbiotech.ch\/?s={search_term_string}"},"query-input":{"@type":"PropertyValueSpecification","valueRequired":true,"valueName":"search_term_string"}}],"inLanguage":"fr-FR"}]}</script>
<!-- / Yoast SEO plugin. -->

Date : Du 11 février 2026 au 13 février 2026 Lieu : Campus Biotech &#8211; Auditorium Organisateurs : HUG Jour 1 : Mercredi 11 février 2026, de 16h00 à 19h00 16h00 &#8211; 16h10 : Cérémonie d&rsquo;ouverture 16h10 &#8211; 17h00 : Conférence d&rsquo;ouverture 17h00 &#8211; 17h20 : Discours de bienvenue 17h20 &#8211; 19h00 : Réception de [&hellip;]
