{"id":4595,"date":"2026-03-09T09:09:37","date_gmt":"2026-03-09T09:09:37","guid":{"rendered":"https:\/\/campusbiostg.wpenginepowered.com\/?post_type=events&#038;p=4595"},"modified":"2026-03-09T09:09:37","modified_gmt":"2026-03-09T09:09:37","slug":"neuro-connect-mardi-17-mars","status":"publish","type":"events","link":"https:\/\/campusbiotech.ch\/fr\/events\/neuro-connect-mardi-17-mars\/","title":{"rendered":"NEURO-Connect Mardi 17 Mars"},"content":{"rendered":"<p data-start=\"57\" data-end=\"87\"><strong data-start=\"57\" data-end=\"87\">Ch\u00e8res et chers coll\u00e8gues,<\/strong><\/p>\n<p data-start=\"89\" data-end=\"238\">Vous \u00eates cordialement invit\u00e9s au prochain s\u00e9minaire <strong data-start=\"142\" data-end=\"159\">NEURO-Connect<\/strong>, qui aura lieu <strong data-start=\"175\" data-end=\"237\">le 17 mars \u00e0 12h15 dans la salle H8-01-D au Campus Biotech<\/strong>.<\/p>\n<p data-start=\"240\" data-end=\"583\">La prochaine session sera organis\u00e9e par le <strong data-start=\"283\" data-end=\"314\">Neuro-X Institute de l\u2019EPFL<\/strong>. L\u2019intervenant sera <strong data-start=\"335\" data-end=\"376\">le Pr Srinivasan (Universit\u00e9 Harvard)<\/strong>, qui pr\u00e9sentera une conf\u00e9rence intitul\u00e9e :<br data-start=\"419\" data-end=\"422\" \/><strong data-start=\"422\" data-end=\"516\">\u00ab<\/strong><em> Interfaces neuronales reconstructives et ing\u00e9rables pour la restauration fonctionnelle<\/em><strong data-start=\"422\" data-end=\"516\"> \u00bb<\/strong>.<br data-start=\"517\" data-end=\"520\" \/>Veuillez trouver ci-dessous le r\u00e9sum\u00e9 et d\u2019autres informations.<\/p>\n<p data-start=\"585\" data-end=\"931\">Des <strong data-start=\"589\" data-end=\"642\">rencontres individuelles avec le Pr S. Srinivasan<\/strong> peuvent \u00eatre organis\u00e9es, et les jeunes chercheurs et chercheuses (ECR, par exemple doctorants et postdoctorants) sont encourag\u00e9s \u00e0 rejoindre l\u2019intervenant invit\u00e9 pour un d\u00e9jeuner de r\u00e9seautage offert par la FCBG (10 places, selon le principe du premier arriv\u00e9, premier servi).<\/p>\n<p data-start=\"933\" data-end=\"1180\">Pour indiquer votre souhait de rencontrer individuellement le <strong data-start=\"995\" data-end=\"1015\">Pr S. Srinivasan<\/strong>, veuillez \u00e9crire \u00e0 <a class=\"decorated-link cursor-pointer\" href=\"mailto:plume.rossi@epfl.ch\" rel=\"noopener\" data-start=\"1037\" data-end=\"1056\">plume.rossi@epfl.ch<\/a>.<br data-start=\"1059\" data-end=\"1062\" \/>Pour vous inscrire au d\u00e9jeuner ECR apr\u00e8s la conf\u00e9rence, merci de remplir le <a href=\"https:\/\/forms.office.com\/Pages\/ResponsePage.aspx?id=Jg9wwWxksk6sEtafbTRd08AY8RMuVKtFhnulqdDDH7xUMkFOT0NFSjJJQVNMQkgwMVo0VUNGT1Q5MC4u\">sondage d\u2019inscription au d\u00e9jeuner<\/a>.<\/p>\n<p data-start=\"1182\" data-end=\"1599\">La date limite pour les deux inscriptions est le<strong data-start=\"1185\" data-end=\"1248\"> lundi 16 mars<\/strong>. Ce d\u00e9lai est n\u00e9cessaire afin de pouvoir organiser correctement le programme et commander le nombre appropri\u00e9 de repas \u00e0 temps.<br data-start=\"1376\" data-end=\"1379\" \/>Afin de faciliter l\u2019organisation du d\u00e9jeuner, nous vous remercions de respecter votre inscription et de pr\u00e9venir la<strong data-start=\"1487\" data-end=\"1568\"><a href=\"contact@fcbg.ch\"> FCBG<\/a> <\/strong>d\u00e8s que possible si vous ne pouvez finalement pas participer. Merci pour votre coop\u00e9ration.<\/p>\n<p data-start=\"1601\" data-end=\"1744\">Les doctorants peuvent obtenir des cr\u00e9dits pour leur participation ; merci de ne pas oublier de faire signer votre feuille de pr\u00e9sence.<\/p>\n<p data-start=\"1746\" data-end=\"1870\">Pour toute question concernant cet \u00e9v\u00e9nement, vous pouvez contacter l\u2019organisatrice de la session \u00e0 <a class=\"decorated-link cursor-pointer\" href=\"mailto:plume.rossi@epfl.ch\" rel=\"noopener\" data-start=\"1848\" data-end=\"1867\">plume.rossi@epfl.ch<\/a>.<\/p>\n<p data-start=\"1872\" data-end=\"1922\">Au plaisir de vous voir lors de <strong data-start=\"1904\" data-end=\"1921\">NEURO-Connect<\/strong>.<\/p>\n<p data-start=\"1924\" data-end=\"1951\">*************************<\/p>\n<p data-start=\"1958\" data-end=\"2062\"><strong data-start=\"1958\" data-end=\"1986\">S\u00e9minaires NEURO-CONNECT<\/strong><br data-start=\"1986\" data-end=\"1989\" \/><strong data-start=\"1989\" data-end=\"2006\">Mardi 17 mars<\/strong><br data-start=\"2006\" data-end=\"2009\" \/>12h15 \u2013 13h15<br data-start=\"2026\" data-end=\"2029\" \/>Campus Biotech, salle H8-01-D<\/p>\n<p>&nbsp;<\/p>\n<p>&nbsp;<\/p>\n","protected":false},"author":9,"featured_media":4596,"template":"","meta":{"_acf_changed":false,"inline_featured_image":false},"event_types":[102],"class_list":["post-4595","events","type-events","status-publish","has-post-thumbnail","hentry","event_types-seminar-fr"],"acf":[],"yoast_head":"<!-- This site is optimized with the Yoast SEO plugin v27.3 - https:\/\/yoast.com\/product\/yoast-seo-wordpress\/ -->\n<title>NEURO-Connect Mardi 17 Mars - Campus Biotech<\/title>\n<meta name=\"robots\" content=\"index, follow, max-snippet:-1, max-image-preview:large, max-video-preview:-1\" \/>\n<link rel=\"canonical\" href=\"https:\/\/campusbiotech.ch\/fr\/events\/neuro-connect-mardi-17-mars\/\" \/>\n<meta property=\"og:locale\" content=\"fr_FR\" \/>\n<meta property=\"og:type\" content=\"article\" \/>\n<meta property=\"og:title\" content=\"NEURO-Connect Mardi 17 Mars - Campus Biotech\" \/>\n<meta property=\"og:description\" content=\"Ch\u00e8res et chers coll\u00e8gues, Vous \u00eates cordialement invit\u00e9s au prochain s\u00e9minaire NEURO-Connect, qui aura lieu le 17 mars \u00e0 12h15 dans la salle H8-01-D au Campus Biotech. La prochaine session sera organis\u00e9e par le Neuro-X Institute de l\u2019EPFL. L\u2019intervenant sera le Pr Srinivasan (Universit\u00e9 Harvard), qui pr\u00e9sentera une conf\u00e9rence intitul\u00e9e :\u00ab Interfaces neuronales reconstructives et [&hellip;]\" \/>\n<meta property=\"og:url\" content=\"https:\/\/campusbiotech.ch\/fr\/events\/neuro-connect-mardi-17-mars\/\" \/>\n<meta property=\"og:site_name\" content=\"Campus Biotech\" \/>\n<meta property=\"og:image\" content=\"https:\/\/campusbiotech.ch\/wp-content\/uploads\/2026\/03\/F3aqzf_20260226_NEUROCONNECT_AFFICHE_CVA.jpg\" \/>\n\t<meta property=\"og:image:width\" content=\"1920\" \/>\n\t<meta property=\"og:image:height\" content=\"1080\" \/>\n\t<meta property=\"og:image:type\" content=\"image\/jpeg\" \/>\n<meta name=\"twitter:card\" content=\"summary_large_image\" \/>\n<meta name=\"twitter:label1\" content=\"Est. reading time\" \/>\n\t<meta name=\"twitter:data1\" content=\"2 minutes\" \/>\n<script type=\"application\/ld+json\" class=\"yoast-schema-graph\">{\"@context\":\"https:\\\/\\\/schema.org\",\"@graph\":[{\"@type\":\"WebPage\",\"@id\":\"https:\\\/\\\/campusbiotech.ch\\\/fr\\\/events\\\/neuro-connect-mardi-17-mars\\\/\",\"url\":\"https:\\\/\\\/campusbiotech.ch\\\/fr\\\/events\\\/neuro-connect-mardi-17-mars\\\/\",\"name\":\"NEURO-Connect Mardi 17 Mars - Campus Biotech\",\"isPartOf\":{\"@id\":\"https:\\\/\\\/campusbiotech.ch\\\/#website\"},\"primaryImageOfPage\":{\"@id\":\"https:\\\/\\\/campusbiotech.ch\\\/fr\\\/events\\\/neuro-connect-mardi-17-mars\\\/#primaryimage\"},\"image\":{\"@id\":\"https:\\\/\\\/campusbiotech.ch\\\/fr\\\/events\\\/neuro-connect-mardi-17-mars\\\/#primaryimage\"},\"thumbnailUrl\":\"https:\\\/\\\/campusbiotech.ch\\\/wp-content\\\/uploads\\\/2026\\\/03\\\/F3aqzf_20260226_NEUROCONNECT_AFFICHE_CVA.jpg\",\"datePublished\":\"2026-03-09T09:09:37+00:00\",\"breadcrumb\":{\"@id\":\"https:\\\/\\\/campusbiotech.ch\\\/fr\\\/events\\\/neuro-connect-mardi-17-mars\\\/#breadcrumb\"},\"inLanguage\":\"fr-FR\",\"potentialAction\":[{\"@type\":\"ReadAction\",\"target\":[\"https:\\\/\\\/campusbiotech.ch\\\/fr\\\/events\\\/neuro-connect-mardi-17-mars\\\/\"]}]},{\"@type\":\"ImageObject\",\"inLanguage\":\"fr-FR\",\"@id\":\"https:\\\/\\\/campusbiotech.ch\\\/fr\\\/events\\\/neuro-connect-mardi-17-mars\\\/#primaryimage\",\"url\":\"https:\\\/\\\/campusbiotech.ch\\\/wp-content\\\/uploads\\\/2026\\\/03\\\/F3aqzf_20260226_NEUROCONNECT_AFFICHE_CVA.jpg\",\"contentUrl\":\"https:\\\/\\\/campusbiotech.ch\\\/wp-content\\\/uploads\\\/2026\\\/03\\\/F3aqzf_20260226_NEUROCONNECT_AFFICHE_CVA.jpg\",\"width\":1920,\"height\":1080},{\"@type\":\"BreadcrumbList\",\"@id\":\"https:\\\/\\\/campusbiotech.ch\\\/fr\\\/events\\\/neuro-connect-mardi-17-mars\\\/#breadcrumb\",\"itemListElement\":[{\"@type\":\"ListItem\",\"position\":1,\"name\":\"Home\",\"item\":\"https:\\\/\\\/campusbiotech.ch\\\/fr\\\/\"},{\"@type\":\"ListItem\",\"position\":2,\"name\":\"Events\",\"item\":\"https:\\\/\\\/campusbiotech.ch\\\/events\\\/\"},{\"@type\":\"ListItem\",\"position\":3,\"name\":\"NEURO-Connect Mardi 17 Mars\"}]},{\"@type\":\"WebSite\",\"@id\":\"https:\\\/\\\/campusbiotech.ch\\\/#website\",\"url\":\"https:\\\/\\\/campusbiotech.ch\\\/\",\"name\":\"Campus Biotech\",\"description\":\"Where Science meets Life\",\"potentialAction\":[{\"@type\":\"SearchAction\",\"target\":{\"@type\":\"EntryPoint\",\"urlTemplate\":\"https:\\\/\\\/campusbiotech.ch\\\/?s={search_term_string}\"},\"query-input\":{\"@type\":\"PropertyValueSpecification\",\"valueRequired\":true,\"valueName\":\"search_term_string\"}}],\"inLanguage\":\"fr-FR\"}]}<\/script>\n<!-- \/ Yoast SEO plugin. -->","yoast_head_json":{"title":"NEURO-Connect Mardi 17 Mars - Campus Biotech","robots":{"index":"index","follow":"follow","max-snippet":"max-snippet:-1","max-image-preview":"max-image-preview:large","max-video-preview":"max-video-preview:-1"},"canonical":"https:\/\/campusbiotech.ch\/fr\/events\/neuro-connect-mardi-17-mars\/","og_locale":"fr_FR","og_type":"article","og_title":"NEURO-Connect Mardi 17 Mars - Campus Biotech","og_description":"Ch\u00e8res et chers coll\u00e8gues, Vous \u00eates cordialement invit\u00e9s au prochain s\u00e9minaire NEURO-Connect, qui aura lieu le 17 mars \u00e0 12h15 dans la salle H8-01-D au Campus Biotech. La prochaine session sera organis\u00e9e par le Neuro-X Institute de l\u2019EPFL. L\u2019intervenant sera le Pr Srinivasan (Universit\u00e9 Harvard), qui pr\u00e9sentera une conf\u00e9rence intitul\u00e9e :\u00ab Interfaces neuronales reconstructives et [&hellip;]","og_url":"https:\/\/campusbiotech.ch\/fr\/events\/neuro-connect-mardi-17-mars\/","og_site_name":"Campus Biotech","og_image":[{"width":1920,"height":1080,"url":"https:\/\/campusbiotech.ch\/wp-content\/uploads\/2026\/03\/F3aqzf_20260226_NEUROCONNECT_AFFICHE_CVA.jpg","type":"image\/jpeg"}],"twitter_card":"summary_large_image","twitter_misc":{"Est. reading time":"2 minutes"},"schema":{"@context":"https:\/\/schema.org","@graph":[{"@type":"WebPage","@id":"https:\/\/campusbiotech.ch\/fr\/events\/neuro-connect-mardi-17-mars\/","url":"https:\/\/campusbiotech.ch\/fr\/events\/neuro-connect-mardi-17-mars\/","name":"NEURO-Connect Mardi 17 Mars - Campus Biotech","isPartOf":{"@id":"https:\/\/campusbiotech.ch\/#website"},"primaryImageOfPage":{"@id":"https:\/\/campusbiotech.ch\/fr\/events\/neuro-connect-mardi-17-mars\/#primaryimage"},"image":{"@id":"https:\/\/campusbiotech.ch\/fr\/events\/neuro-connect-mardi-17-mars\/#primaryimage"},"thumbnailUrl":"https:\/\/campusbiotech.ch\/wp-content\/uploads\/2026\/03\/F3aqzf_20260226_NEUROCONNECT_AFFICHE_CVA.jpg","datePublished":"2026-03-09T09:09:37+00:00","breadcrumb":{"@id":"https:\/\/campusbiotech.ch\/fr\/events\/neuro-connect-mardi-17-mars\/#breadcrumb"},"inLanguage":"fr-FR","potentialAction":[{"@type":"ReadAction","target":["https:\/\/campusbiotech.ch\/fr\/events\/neuro-connect-mardi-17-mars\/"]}]},{"@type":"ImageObject","inLanguage":"fr-FR","@id":"https:\/\/campusbiotech.ch\/fr\/events\/neuro-connect-mardi-17-mars\/#primaryimage","url":"https:\/\/campusbiotech.ch\/wp-content\/uploads\/2026\/03\/F3aqzf_20260226_NEUROCONNECT_AFFICHE_CVA.jpg","contentUrl":"https:\/\/campusbiotech.ch\/wp-content\/uploads\/2026\/03\/F3aqzf_20260226_NEUROCONNECT_AFFICHE_CVA.jpg","width":1920,"height":1080},{"@type":"BreadcrumbList","@id":"https:\/\/campusbiotech.ch\/fr\/events\/neuro-connect-mardi-17-mars\/#breadcrumb","itemListElement":[{"@type":"ListItem","position":1,"name":"Home","item":"https:\/\/campusbiotech.ch\/fr\/"},{"@type":"ListItem","position":2,"name":"Events","item":"https:\/\/campusbiotech.ch\/events\/"},{"@type":"ListItem","position":3,"name":"NEURO-Connect Mardi 17 Mars"}]},{"@type":"WebSite","@id":"https:\/\/campusbiotech.ch\/#website","url":"https:\/\/campusbiotech.ch\/","name":"Campus Biotech","description":"Where Science meets Life","potentialAction":[{"@type":"SearchAction","target":{"@type":"EntryPoint","urlTemplate":"https:\/\/campusbiotech.ch\/?s={search_term_string}"},"query-input":{"@type":"PropertyValueSpecification","valueRequired":true,"valueName":"search_term_string"}}],"inLanguage":"fr-FR"}]}},"_links":{"self":[{"href":"https:\/\/campusbiotech.ch\/fr\/wp-json\/wp\/v2\/events\/4595","targetHints":{"allow":["GET"]}}],"collection":[{"href":"https:\/\/campusbiotech.ch\/fr\/wp-json\/wp\/v2\/events"}],"about":[{"href":"https:\/\/campusbiotech.ch\/fr\/wp-json\/wp\/v2\/types\/events"}],"author":[{"embeddable":true,"href":"https:\/\/campusbiotech.ch\/fr\/wp-json\/wp\/v2\/users\/9"}],"wp:featuredmedia":[{"embeddable":true,"href":"https:\/\/campusbiotech.ch\/fr\/wp-json\/wp\/v2\/media\/4596"}],"wp:attachment":[{"href":"https:\/\/campusbiotech.ch\/fr\/wp-json\/wp\/v2\/media?parent=4595"}],"wp:term":[{"taxonomy":"event_types","embeddable":true,"href":"https:\/\/campusbiotech.ch\/fr\/wp-json\/wp\/v2\/event_types?post=4595"}],"curies":[{"name":"wp","href":"https:\/\/api.w.org\/{rel}","templated":true}]}}

<p data-start="57" data-end="87"><strong data-start="57" data-end="87">Chères et chers collègues,</strong></p>
<p data-start="89" data-end="238">Vous êtes cordialement invités au prochain séminaire <strong data-start="142" data-end="159">NEURO-Connect</strong>, qui aura lieu <strong data-start="175" data-end="237">le 17 mars à 12h15 dans la salle H8-01-D au Campus Biotech</strong>.</p>
<p data-start="240" data-end="583">La prochaine session sera organisée par le <strong data-start="283" data-end="314">Neuro-X Institute de l’EPFL</strong>. L’intervenant sera <strong data-start="335" data-end="376">le Pr Srinivasan (Université Harvard)</strong>, qui présentera une conférence intitulée :<br data-start="419" data-end="422" /><strong data-start="422" data-end="516">«</strong><em> Interfaces neuronales reconstructives et ingérables pour la restauration fonctionnelle</em><strong data-start="422" data-end="516"> »</strong>.<br data-start="517" data-end="520" />Veuillez trouver ci-dessous le résumé et d’autres informations.</p>
<p data-start="585" data-end="931">Des <strong data-start="589" data-end="642">rencontres individuelles avec le Pr S. Srinivasan</strong> peuvent être organisées, et les jeunes chercheurs et chercheuses (ECR, par exemple doctorants et postdoctorants) sont encouragés à rejoindre l’intervenant invité pour un déjeuner de réseautage offert par la FCBG (10 places, selon le principe du premier arrivé, premier servi).</p>
<p data-start="933" data-end="1180">Pour indiquer votre souhait de rencontrer individuellement le <strong data-start="995" data-end="1015">Pr S. Srinivasan</strong>, veuillez écrire à <a class="decorated-link cursor-pointer" href="mailto:plume.rossi@epfl.ch" rel="noopener" data-start="1037" data-end="1056">plume.rossi@epfl.ch</a>.<br data-start="1059" data-end="1062" />Pour vous inscrire au déjeuner ECR après la conférence, merci de remplir le <a href="https://forms.office.com/Pages/ResponsePage.aspx?id=Jg9wwWxksk6sEtafbTRd08AY8RMuVKtFhnulqdDDH7xUMkFOT0NFSjJJQVNMQkgwMVo0VUNGT1Q5MC4u">sondage d’inscription au déjeuner</a>.</p>
<p data-start="1182" data-end="1599">La date limite pour les deux inscriptions est le<strong data-start="1185" data-end="1248"> lundi 16 mars</strong>. Ce délai est nécessaire afin de pouvoir organiser correctement le programme et commander le nombre approprié de repas à temps.<br data-start="1376" data-end="1379" />Afin de faciliter l’organisation du déjeuner, nous vous remercions de respecter votre inscription et de prévenir la<strong data-start="1487" data-end="1568"><a href="contact@fcbg.ch"> FCBG</a> </strong>dès que possible si vous ne pouvez finalement pas participer. Merci pour votre coopération.</p>
<p data-start="1601" data-end="1744">Les doctorants peuvent obtenir des crédits pour leur participation ; merci de ne pas oublier de faire signer votre feuille de présence.</p>
<p data-start="1746" data-end="1870">Pour toute question concernant cet événement, vous pouvez contacter l’organisatrice de la session à <a class="decorated-link cursor-pointer" href="mailto:plume.rossi@epfl.ch" rel="noopener" data-start="1848" data-end="1867">plume.rossi@epfl.ch</a>.</p>
<p data-start="1872" data-end="1922">Au plaisir de vous voir lors de <strong data-start="1904" data-end="1921">NEURO-Connect</strong>.</p>
<p data-start="1924" data-end="1951">*************************</p>
<p data-start="1958" data-end="2062"><strong data-start="1958" data-end="1986">Séminaires NEURO-CONNECT</strong><br data-start="1986" data-end="1989" /><strong data-start="1989" data-end="2006">Mardi 17 mars</strong><br data-start="2006" data-end="2009" />12h15 – 13h15<br data-start="2026" data-end="2029" />Campus Biotech, salle H8-01-D</p>
<p>&nbsp;</p>
<p>&nbsp;</p>

<!-- This site is optimized with the Yoast SEO plugin v27.3 - https://yoast.com/product/yoast-seo-wordpress/ -->
<title>NEURO-Connect Mardi 17 Mars - Campus Biotech</title>
<meta name="robots" content="index, follow, max-snippet:-1, max-image-preview:large, max-video-preview:-1" />
<link rel="canonical" href="https://campusbiotech.ch/fr/events/neuro-connect-mardi-17-mars/" />
<meta property="og:locale" content="fr_FR" />
<meta property="og:type" content="article" />
<meta property="og:title" content="NEURO-Connect Mardi 17 Mars - Campus Biotech" />
<meta property="og:description" content="Chères et chers collègues, Vous êtes cordialement invités au prochain séminaire NEURO-Connect, qui aura lieu le 17 mars à 12h15 dans la salle H8-01-D au Campus Biotech. La prochaine session sera organisée par le Neuro-X Institute de l’EPFL. L’intervenant sera le Pr Srinivasan (Université Harvard), qui présentera une conférence intitulée :« Interfaces neuronales reconstructives et [&hellip;]" />
<meta property="og:url" content="https://campusbiotech.ch/fr/events/neuro-connect-mardi-17-mars/" />
<meta property="og:site_name" content="Campus Biotech" />
<meta property="og:image" content="https://campusbiotech.ch/wp-content/uploads/2026/03/F3aqzf_20260226_NEUROCONNECT_AFFICHE_CVA.jpg" />
	<meta property="og:image:width" content="1920" />
	<meta property="og:image:height" content="1080" />
	<meta property="og:image:type" content="image/jpeg" />
<meta name="twitter:card" content="summary_large_image" />
<meta name="twitter:label1" content="Est. reading time" />
	<meta name="twitter:data1" content="2 minutes" />
<script type="application/ld+json" class="yoast-schema-graph">{"@context":"https:\/\/schema.org","@graph":[{"@type":"WebPage","@id":"https:\/\/campusbiotech.ch\/fr\/events\/neuro-connect-mardi-17-mars\/","url":"https:\/\/campusbiotech.ch\/fr\/events\/neuro-connect-mardi-17-mars\/","name":"NEURO-Connect Mardi 17 Mars - Campus Biotech","isPartOf":{"@id":"https:\/\/campusbiotech.ch\/#website"},"primaryImageOfPage":{"@id":"https:\/\/campusbiotech.ch\/fr\/events\/neuro-connect-mardi-17-mars\/#primaryimage"},"image":{"@id":"https:\/\/campusbiotech.ch\/fr\/events\/neuro-connect-mardi-17-mars\/#primaryimage"},"thumbnailUrl":"https:\/\/campusbiotech.ch\/wp-content\/uploads\/2026\/03\/F3aqzf_20260226_NEUROCONNECT_AFFICHE_CVA.jpg","datePublished":"2026-03-09T09:09:37+00:00","breadcrumb":{"@id":"https:\/\/campusbiotech.ch\/fr\/events\/neuro-connect-mardi-17-mars\/#breadcrumb"},"inLanguage":"fr-FR","potentialAction":[{"@type":"ReadAction","target":["https:\/\/campusbiotech.ch\/fr\/events\/neuro-connect-mardi-17-mars\/"]}]},{"@type":"ImageObject","inLanguage":"fr-FR","@id":"https:\/\/campusbiotech.ch\/fr\/events\/neuro-connect-mardi-17-mars\/#primaryimage","url":"https:\/\/campusbiotech.ch\/wp-content\/uploads\/2026\/03\/F3aqzf_20260226_NEUROCONNECT_AFFICHE_CVA.jpg","contentUrl":"https:\/\/campusbiotech.ch\/wp-content\/uploads\/2026\/03\/F3aqzf_20260226_NEUROCONNECT_AFFICHE_CVA.jpg","width":1920,"height":1080},{"@type":"BreadcrumbList","@id":"https:\/\/campusbiotech.ch\/fr\/events\/neuro-connect-mardi-17-mars\/#breadcrumb","itemListElement":[{"@type":"ListItem","position":1,"name":"Home","item":"https:\/\/campusbiotech.ch\/fr\/"},{"@type":"ListItem","position":2,"name":"Events","item":"https:\/\/campusbiotech.ch\/events\/"},{"@type":"ListItem","position":3,"name":"NEURO-Connect Mardi 17 Mars"}]},{"@type":"WebSite","@id":"https:\/\/campusbiotech.ch\/#website","url":"https:\/\/campusbiotech.ch\/","name":"Campus Biotech","description":"Where Science meets Life","potentialAction":[{"@type":"SearchAction","target":{"@type":"EntryPoint","urlTemplate":"https:\/\/campusbiotech.ch\/?s={search_term_string}"},"query-input":{"@type":"PropertyValueSpecification","valueRequired":true,"valueName":"search_term_string"}}],"inLanguage":"fr-FR"}]}</script>
<!-- / Yoast SEO plugin. -->

Chères et chers collègues, Vous êtes cordialement invités au prochain séminaire NEURO-Connect, qui aura lieu le 17 mars à 12h15 dans la salle H8-01-D au Campus Biotech. La prochaine session sera organisée par le Neuro-X Institute de l’EPFL. L’intervenant sera le Pr Srinivasan (Université Harvard), qui présentera une conférence intitulée :« Interfaces neuronales reconstructives et [&hellip;]
