{"id":4616,"date":"2026-03-10T15:10:46","date_gmt":"2026-03-10T15:10:46","guid":{"rendered":"https:\/\/campusbiotech.ch\/?post_type=events&#038;p=4616"},"modified":"2026-03-11T07:26:10","modified_gmt":"2026-03-11T07:26:10","slug":"newrest-la-saint-patrick","status":"publish","type":"events","link":"https:\/\/campusbiotech.ch\/fr\/events\/newrest-la-saint-patrick\/","title":{"rendered":"Newrest &#8211; La Saint-Patrick"},"content":{"rendered":"<p>Ce mois-ci, place \u00e0 la<strong> Saint-Patrick<\/strong> !<br \/>\nSuivez nos chefs jusqu&rsquo;en Irlande, initiation Guinness garantie !<\/p>\n<p>Le 17 mars est tr\u00e8s symbolique pour tous les Irlandais. C\u2019est l\u2019occasion de c\u00e9l\u00e9brer le jour d\u2019anniversaire de la mort de Saint-Patrick, un \u00e9vang\u00e9liste qui aurait expliqu\u00e9 le concept de la Sainte Trinit\u00e9 aux Irlandais gr\u00e2ce \u00e0 un tr\u00e8fle, en faisant ainsi le symbole de l\u2019Irlande.<\/p>\n<p><strong>Cette f\u00eate permet \u00e9galement de f\u00eater l\u2019arriv\u00e9e du printemps.<br \/>\n<\/strong><br \/>\nLe jour de la Saint-Patrick, les Irlandais se d\u00e9guisent et se rassemblent essentiellement dans les rues et dans les Irish Pubs. La journ\u00e9e s\u2019anime de parades, concerts, sessions de musiques traditionnelles\u2026<br \/>\nVient ensuite l\u2019heure du repas !<br \/>\nLes Irlandais cuisinent des plats traditionnels comme le c\u00e9l\u00e8bre Irish Stew, un mijot\u00e9 d\u2019agneau avec des carottes et pommes de terre, mais aussi du Baileys Cheesecake ou encore du Guinness Pudding.<br \/>\nVous l\u2019aurez compris, la Guinness est <strong>LA<\/strong> star de la <strong>Saint-Patrick<\/strong> qui se cuisine sous toutes ses formes !<\/p>\n<p>Toute l\u2019\u00e9quipe de Newrest vous souhaite une bonne d\u00e9gustation!<\/p>\n","protected":false},"author":9,"featured_media":4617,"template":"","meta":{"_acf_changed":false,"inline_featured_image":false},"event_types":[],"class_list":["post-4616","events","type-events","status-publish","has-post-thumbnail","hentry"],"acf":[],"yoast_head":"<!-- This site is optimized with the Yoast SEO plugin v27.3 - https:\/\/yoast.com\/product\/yoast-seo-wordpress\/ -->\n<title>Newrest - La Saint-Patrick - Campus Biotech<\/title>\n<meta name=\"robots\" content=\"index, follow, max-snippet:-1, max-image-preview:large, max-video-preview:-1\" \/>\n<link rel=\"canonical\" href=\"https:\/\/campusbiotech.ch\/fr\/events\/newrest-la-saint-patrick\/\" \/>\n<meta property=\"og:locale\" content=\"fr_FR\" \/>\n<meta property=\"og:type\" content=\"article\" \/>\n<meta property=\"og:title\" content=\"Newrest - La Saint-Patrick - Campus Biotech\" \/>\n<meta property=\"og:description\" content=\"Ce mois-ci, place \u00e0 la Saint-Patrick ! Suivez nos chefs jusqu&rsquo;en Irlande, initiation Guinness garantie ! Le 17 mars est tr\u00e8s symbolique pour tous les Irlandais. C\u2019est l\u2019occasion de c\u00e9l\u00e9brer le jour d\u2019anniversaire de la mort de Saint-Patrick, un \u00e9vang\u00e9liste qui aurait expliqu\u00e9 le concept de la Sainte Trinit\u00e9 aux Irlandais gr\u00e2ce \u00e0 un tr\u00e8fle, [&hellip;]\" \/>\n<meta property=\"og:url\" content=\"https:\/\/campusbiotech.ch\/fr\/events\/newrest-la-saint-patrick\/\" \/>\n<meta property=\"og:site_name\" content=\"Campus Biotech\" \/>\n<meta property=\"article:modified_time\" content=\"2026-03-11T07:26:10+00:00\" \/>\n<meta property=\"og:image\" content=\"https:\/\/campusbiotech.ch\/wp-content\/uploads\/2026\/03\/Screenshot-2026-03-10-160827.png\" \/>\n\t<meta property=\"og:image:width\" content=\"1487\" \/>\n\t<meta property=\"og:image:height\" content=\"830\" \/>\n\t<meta property=\"og:image:type\" content=\"image\/png\" \/>\n<meta name=\"twitter:card\" content=\"summary_large_image\" \/>\n<meta name=\"twitter:label1\" content=\"Est. reading time\" \/>\n\t<meta name=\"twitter:data1\" content=\"1 minute\" \/>\n<script type=\"application\/ld+json\" class=\"yoast-schema-graph\">{\"@context\":\"https:\\\/\\\/schema.org\",\"@graph\":[{\"@type\":\"WebPage\",\"@id\":\"https:\\\/\\\/campusbiotech.ch\\\/fr\\\/events\\\/newrest-la-saint-patrick\\\/\",\"url\":\"https:\\\/\\\/campusbiotech.ch\\\/fr\\\/events\\\/newrest-la-saint-patrick\\\/\",\"name\":\"Newrest - La Saint-Patrick - Campus Biotech\",\"isPartOf\":{\"@id\":\"https:\\\/\\\/campusbiotech.ch\\\/#website\"},\"primaryImageOfPage\":{\"@id\":\"https:\\\/\\\/campusbiotech.ch\\\/fr\\\/events\\\/newrest-la-saint-patrick\\\/#primaryimage\"},\"image\":{\"@id\":\"https:\\\/\\\/campusbiotech.ch\\\/fr\\\/events\\\/newrest-la-saint-patrick\\\/#primaryimage\"},\"thumbnailUrl\":\"https:\\\/\\\/campusbiotech.ch\\\/wp-content\\\/uploads\\\/2026\\\/03\\\/Screenshot-2026-03-10-160827.png\",\"datePublished\":\"2026-03-10T15:10:46+00:00\",\"dateModified\":\"2026-03-11T07:26:10+00:00\",\"breadcrumb\":{\"@id\":\"https:\\\/\\\/campusbiotech.ch\\\/fr\\\/events\\\/newrest-la-saint-patrick\\\/#breadcrumb\"},\"inLanguage\":\"fr-FR\",\"potentialAction\":[{\"@type\":\"ReadAction\",\"target\":[\"https:\\\/\\\/campusbiotech.ch\\\/fr\\\/events\\\/newrest-la-saint-patrick\\\/\"]}]},{\"@type\":\"ImageObject\",\"inLanguage\":\"fr-FR\",\"@id\":\"https:\\\/\\\/campusbiotech.ch\\\/fr\\\/events\\\/newrest-la-saint-patrick\\\/#primaryimage\",\"url\":\"https:\\\/\\\/campusbiotech.ch\\\/wp-content\\\/uploads\\\/2026\\\/03\\\/Screenshot-2026-03-10-160827.png\",\"contentUrl\":\"https:\\\/\\\/campusbiotech.ch\\\/wp-content\\\/uploads\\\/2026\\\/03\\\/Screenshot-2026-03-10-160827.png\",\"width\":1487,\"height\":830},{\"@type\":\"BreadcrumbList\",\"@id\":\"https:\\\/\\\/campusbiotech.ch\\\/fr\\\/events\\\/newrest-la-saint-patrick\\\/#breadcrumb\",\"itemListElement\":[{\"@type\":\"ListItem\",\"position\":1,\"name\":\"Home\",\"item\":\"https:\\\/\\\/campusbiotech.ch\\\/fr\\\/\"},{\"@type\":\"ListItem\",\"position\":2,\"name\":\"Events\",\"item\":\"https:\\\/\\\/campusbiotech.ch\\\/events\\\/\"},{\"@type\":\"ListItem\",\"position\":3,\"name\":\"Newrest &#8211; La Saint-Patrick\"}]},{\"@type\":\"WebSite\",\"@id\":\"https:\\\/\\\/campusbiotech.ch\\\/#website\",\"url\":\"https:\\\/\\\/campusbiotech.ch\\\/\",\"name\":\"Campus Biotech\",\"description\":\"Where Science meets Life\",\"potentialAction\":[{\"@type\":\"SearchAction\",\"target\":{\"@type\":\"EntryPoint\",\"urlTemplate\":\"https:\\\/\\\/campusbiotech.ch\\\/?s={search_term_string}\"},\"query-input\":{\"@type\":\"PropertyValueSpecification\",\"valueRequired\":true,\"valueName\":\"search_term_string\"}}],\"inLanguage\":\"fr-FR\"}]}<\/script>\n<!-- \/ Yoast SEO plugin. -->","yoast_head_json":{"title":"Newrest - La Saint-Patrick - Campus Biotech","robots":{"index":"index","follow":"follow","max-snippet":"max-snippet:-1","max-image-preview":"max-image-preview:large","max-video-preview":"max-video-preview:-1"},"canonical":"https:\/\/campusbiotech.ch\/fr\/events\/newrest-la-saint-patrick\/","og_locale":"fr_FR","og_type":"article","og_title":"Newrest - La Saint-Patrick - Campus Biotech","og_description":"Ce mois-ci, place \u00e0 la Saint-Patrick ! Suivez nos chefs jusqu&rsquo;en Irlande, initiation Guinness garantie ! Le 17 mars est tr\u00e8s symbolique pour tous les Irlandais. C\u2019est l\u2019occasion de c\u00e9l\u00e9brer le jour d\u2019anniversaire de la mort de Saint-Patrick, un \u00e9vang\u00e9liste qui aurait expliqu\u00e9 le concept de la Sainte Trinit\u00e9 aux Irlandais gr\u00e2ce \u00e0 un tr\u00e8fle, [&hellip;]","og_url":"https:\/\/campusbiotech.ch\/fr\/events\/newrest-la-saint-patrick\/","og_site_name":"Campus Biotech","article_modified_time":"2026-03-11T07:26:10+00:00","og_image":[{"width":1487,"height":830,"url":"https:\/\/campusbiotech.ch\/wp-content\/uploads\/2026\/03\/Screenshot-2026-03-10-160827.png","type":"image\/png"}],"twitter_card":"summary_large_image","twitter_misc":{"Est. reading time":"1 minute"},"schema":{"@context":"https:\/\/schema.org","@graph":[{"@type":"WebPage","@id":"https:\/\/campusbiotech.ch\/fr\/events\/newrest-la-saint-patrick\/","url":"https:\/\/campusbiotech.ch\/fr\/events\/newrest-la-saint-patrick\/","name":"Newrest - La Saint-Patrick - Campus Biotech","isPartOf":{"@id":"https:\/\/campusbiotech.ch\/#website"},"primaryImageOfPage":{"@id":"https:\/\/campusbiotech.ch\/fr\/events\/newrest-la-saint-patrick\/#primaryimage"},"image":{"@id":"https:\/\/campusbiotech.ch\/fr\/events\/newrest-la-saint-patrick\/#primaryimage"},"thumbnailUrl":"https:\/\/campusbiotech.ch\/wp-content\/uploads\/2026\/03\/Screenshot-2026-03-10-160827.png","datePublished":"2026-03-10T15:10:46+00:00","dateModified":"2026-03-11T07:26:10+00:00","breadcrumb":{"@id":"https:\/\/campusbiotech.ch\/fr\/events\/newrest-la-saint-patrick\/#breadcrumb"},"inLanguage":"fr-FR","potentialAction":[{"@type":"ReadAction","target":["https:\/\/campusbiotech.ch\/fr\/events\/newrest-la-saint-patrick\/"]}]},{"@type":"ImageObject","inLanguage":"fr-FR","@id":"https:\/\/campusbiotech.ch\/fr\/events\/newrest-la-saint-patrick\/#primaryimage","url":"https:\/\/campusbiotech.ch\/wp-content\/uploads\/2026\/03\/Screenshot-2026-03-10-160827.png","contentUrl":"https:\/\/campusbiotech.ch\/wp-content\/uploads\/2026\/03\/Screenshot-2026-03-10-160827.png","width":1487,"height":830},{"@type":"BreadcrumbList","@id":"https:\/\/campusbiotech.ch\/fr\/events\/newrest-la-saint-patrick\/#breadcrumb","itemListElement":[{"@type":"ListItem","position":1,"name":"Home","item":"https:\/\/campusbiotech.ch\/fr\/"},{"@type":"ListItem","position":2,"name":"Events","item":"https:\/\/campusbiotech.ch\/events\/"},{"@type":"ListItem","position":3,"name":"Newrest &#8211; La Saint-Patrick"}]},{"@type":"WebSite","@id":"https:\/\/campusbiotech.ch\/#website","url":"https:\/\/campusbiotech.ch\/","name":"Campus Biotech","description":"Where Science meets Life","potentialAction":[{"@type":"SearchAction","target":{"@type":"EntryPoint","urlTemplate":"https:\/\/campusbiotech.ch\/?s={search_term_string}"},"query-input":{"@type":"PropertyValueSpecification","valueRequired":true,"valueName":"search_term_string"}}],"inLanguage":"fr-FR"}]}},"_links":{"self":[{"href":"https:\/\/campusbiotech.ch\/fr\/wp-json\/wp\/v2\/events\/4616","targetHints":{"allow":["GET"]}}],"collection":[{"href":"https:\/\/campusbiotech.ch\/fr\/wp-json\/wp\/v2\/events"}],"about":[{"href":"https:\/\/campusbiotech.ch\/fr\/wp-json\/wp\/v2\/types\/events"}],"author":[{"embeddable":true,"href":"https:\/\/campusbiotech.ch\/fr\/wp-json\/wp\/v2\/users\/9"}],"wp:featuredmedia":[{"embeddable":true,"href":"https:\/\/campusbiotech.ch\/fr\/wp-json\/wp\/v2\/media\/4617"}],"wp:attachment":[{"href":"https:\/\/campusbiotech.ch\/fr\/wp-json\/wp\/v2\/media?parent=4616"}],"wp:term":[{"taxonomy":"event_types","embeddable":true,"href":"https:\/\/campusbiotech.ch\/fr\/wp-json\/wp\/v2\/event_types?post=4616"}],"curies":[{"name":"wp","href":"https:\/\/api.w.org\/{rel}","templated":true}]}}

<p>Ce mois-ci, place à la<strong> Saint-Patrick</strong> !<br />
Suivez nos chefs jusqu&rsquo;en Irlande, initiation Guinness garantie !</p>
<p>Le 17 mars est très symbolique pour tous les Irlandais. C’est l’occasion de célébrer le jour d’anniversaire de la mort de Saint-Patrick, un évangéliste qui aurait expliqué le concept de la Sainte Trinité aux Irlandais grâce à un trèfle, en faisant ainsi le symbole de l’Irlande.</p>
<p><strong>Cette fête permet également de fêter l’arrivée du printemps.<br />
</strong><br />
Le jour de la Saint-Patrick, les Irlandais se déguisent et se rassemblent essentiellement dans les rues et dans les Irish Pubs. La journée s’anime de parades, concerts, sessions de musiques traditionnelles…<br />
Vient ensuite l’heure du repas !<br />
Les Irlandais cuisinent des plats traditionnels comme le célèbre Irish Stew, un mijoté d’agneau avec des carottes et pommes de terre, mais aussi du Baileys Cheesecake ou encore du Guinness Pudding.<br />
Vous l’aurez compris, la Guinness est <strong>LA</strong> star de la <strong>Saint-Patrick</strong> qui se cuisine sous toutes ses formes !</p>
<p>Toute l’équipe de Newrest vous souhaite une bonne dégustation!</p>

<!-- This site is optimized with the Yoast SEO plugin v27.3 - https://yoast.com/product/yoast-seo-wordpress/ -->
<title>Newrest - La Saint-Patrick - Campus Biotech</title>
<meta name="robots" content="index, follow, max-snippet:-1, max-image-preview:large, max-video-preview:-1" />
<link rel="canonical" href="https://campusbiotech.ch/fr/events/newrest-la-saint-patrick/" />
<meta property="og:locale" content="fr_FR" />
<meta property="og:type" content="article" />
<meta property="og:title" content="Newrest - La Saint-Patrick - Campus Biotech" />
<meta property="og:description" content="Ce mois-ci, place à la Saint-Patrick ! Suivez nos chefs jusqu&rsquo;en Irlande, initiation Guinness garantie ! Le 17 mars est très symbolique pour tous les Irlandais. C’est l’occasion de célébrer le jour d’anniversaire de la mort de Saint-Patrick, un évangéliste qui aurait expliqué le concept de la Sainte Trinité aux Irlandais grâce à un trèfle, [&hellip;]" />
<meta property="og:url" content="https://campusbiotech.ch/fr/events/newrest-la-saint-patrick/" />
<meta property="og:site_name" content="Campus Biotech" />
<meta property="article:modified_time" content="2026-03-11T07:26:10+00:00" />
<meta property="og:image" content="https://campusbiotech.ch/wp-content/uploads/2026/03/Screenshot-2026-03-10-160827.png" />
	<meta property="og:image:width" content="1487" />
	<meta property="og:image:height" content="830" />
	<meta property="og:image:type" content="image/png" />
<meta name="twitter:card" content="summary_large_image" />
<meta name="twitter:label1" content="Est. reading time" />
	<meta name="twitter:data1" content="1 minute" />
<script type="application/ld+json" class="yoast-schema-graph">{"@context":"https:\/\/schema.org","@graph":[{"@type":"WebPage","@id":"https:\/\/campusbiotech.ch\/fr\/events\/newrest-la-saint-patrick\/","url":"https:\/\/campusbiotech.ch\/fr\/events\/newrest-la-saint-patrick\/","name":"Newrest - La Saint-Patrick - Campus Biotech","isPartOf":{"@id":"https:\/\/campusbiotech.ch\/#website"},"primaryImageOfPage":{"@id":"https:\/\/campusbiotech.ch\/fr\/events\/newrest-la-saint-patrick\/#primaryimage"},"image":{"@id":"https:\/\/campusbiotech.ch\/fr\/events\/newrest-la-saint-patrick\/#primaryimage"},"thumbnailUrl":"https:\/\/campusbiotech.ch\/wp-content\/uploads\/2026\/03\/Screenshot-2026-03-10-160827.png","datePublished":"2026-03-10T15:10:46+00:00","dateModified":"2026-03-11T07:26:10+00:00","breadcrumb":{"@id":"https:\/\/campusbiotech.ch\/fr\/events\/newrest-la-saint-patrick\/#breadcrumb"},"inLanguage":"fr-FR","potentialAction":[{"@type":"ReadAction","target":["https:\/\/campusbiotech.ch\/fr\/events\/newrest-la-saint-patrick\/"]}]},{"@type":"ImageObject","inLanguage":"fr-FR","@id":"https:\/\/campusbiotech.ch\/fr\/events\/newrest-la-saint-patrick\/#primaryimage","url":"https:\/\/campusbiotech.ch\/wp-content\/uploads\/2026\/03\/Screenshot-2026-03-10-160827.png","contentUrl":"https:\/\/campusbiotech.ch\/wp-content\/uploads\/2026\/03\/Screenshot-2026-03-10-160827.png","width":1487,"height":830},{"@type":"BreadcrumbList","@id":"https:\/\/campusbiotech.ch\/fr\/events\/newrest-la-saint-patrick\/#breadcrumb","itemListElement":[{"@type":"ListItem","position":1,"name":"Home","item":"https:\/\/campusbiotech.ch\/fr\/"},{"@type":"ListItem","position":2,"name":"Events","item":"https:\/\/campusbiotech.ch\/events\/"},{"@type":"ListItem","position":3,"name":"Newrest &#8211; La Saint-Patrick"}]},{"@type":"WebSite","@id":"https:\/\/campusbiotech.ch\/#website","url":"https:\/\/campusbiotech.ch\/","name":"Campus Biotech","description":"Where Science meets Life","potentialAction":[{"@type":"SearchAction","target":{"@type":"EntryPoint","urlTemplate":"https:\/\/campusbiotech.ch\/?s={search_term_string}"},"query-input":{"@type":"PropertyValueSpecification","valueRequired":true,"valueName":"search_term_string"}}],"inLanguage":"fr-FR"}]}</script>
<!-- / Yoast SEO plugin. -->

Ce mois-ci, place à la Saint-Patrick ! Suivez nos chefs jusqu&rsquo;en Irlande, initiation Guinness garantie ! Le 17 mars est très symbolique pour tous les Irlandais. C’est l’occasion de célébrer le jour d’anniversaire de la mort de Saint-Patrick, un évangéliste qui aurait expliqué le concept de la Sainte Trinité aux Irlandais grâce à un trèfle, [&hellip;]
